6. Calculate the greatest common factor of p and v.
14
Let p(w) = -w**3 - 14*w**2 - 16*w + 5. Let c be p(-12). Let u be 1/(-5) + c/(-5)*1. What is the greatest common divisor of 12 and u?
6
Suppose k = 10*q - 14*q + 281, 0 = 5*k - 3*q - 1497. Calculate the greatest common divisor of 63 and k.
9
Let l = 65 - 46. Let k(y) = 4*y**2 - 4*y + 4. Let m be k(-7). Let v = -76 + m. Calculate the highest common factor of v and l.
19
Suppose -14 = -3*v - 4*h, -2*v - h = -2*h - 13. Suppose -v*z + 2*z + 68 = 0. Calculate the greatest common factor of 136 and z.
17
Suppose 134 = 27*a - 406. What is the greatest common divisor of a and 510?
10
Let x = -130 - -255. Let c be (2/4)/(4/(-632)). Let r = x + c. Calculate the greatest common divisor of r and 69.
23
Suppose 0 = 4*z + 2*b - 102, 99*z - 104*z + 145 = -b. Calculate the highest common divisor of 189 and z.
7
Suppose 3*o + 5 = -2*o, -12 = -4*y - 4*o. Let f be (-50)/20*(-360)/25. Calculate the greatest common factor of y and f.
4
Let n(b) = 12*b**2 - 25. Let h be n(5). What is the greatest common divisor of h and 11?
11
Suppose 92*y = 100*y - 1056. Calculate the highest common divisor of y and 66.
66
Let r = -79 - -139. Suppose c + 24 = r. Suppose 57 = -w - 5*q + 44, -5*q = 2*w + 1. What is the highest common divisor of w and c?
12
Let w = 2252 + -1521. Calculate the highest common divisor of w and 43.
43
Let h = 3 + 3. Let b(w) = 5*w - 2. Let x be b(h). Let i be (63/(-12))/((-38)/16 + 2). Calculate the highest common divisor of i and x.
14
Let g = -367 - -521. Calculate the highest common factor of 56 and g.
14
Suppose 0 = -u + 2*q - 6, 0 = 3*u + 2*u - 3*q + 2. Suppose 4*f - 20 = u*f. Let p(t) = -4*t + 182. Let w be p(45). What is the highest common divisor of f and w?
2
Let r be 8 - 11 - (-59 + -2)*6. Suppose 10*a = -63 + r. What is the greatest common divisor of 30 and a?
30
Let i(d) = 8*d**2. Let r be i(-1). Let g be ((-2)/5 + (-8)/(-5))/(45/300). What is the greatest common divisor of r and g?
8
Let c(q) = 2*q - 16. Let v be c(9). Let t(y) = -36*y - 129. Let d be t(-4). What is the greatest common divisor of v and d?
1
Let u = -575 - -1147. Calculate the highest common divisor of 22 and u.
22
Let n be (-204)/(-2) + (-1 - 2). What is the greatest common factor of 27 and n?
9
Let q(l) = -l + 30. Let v be q(18). Let g be (-21)/((8/4)/(-2)). Let s = v + g. Calculate the highest common factor of s and 22.
11
Let w(q) be the third derivative of -5*q**4/6 + 2*q**3/3 + 55*q**2. Let z be w(-5). Calculate the highest common factor of 26 and z.
26
Let m = 92 - 74. Let p be (-2)/(-4)*(-36)/(-1). Calculate the greatest common divisor of p and m.
18
Suppose -3*v = -4*a - 1014, 2*v - 566 = 5*a + 103. Let b be (-12)/9*v/(-12). What is the highest common divisor of 95 and b?
19
Let m be (-650)/(-2) - (-7 - -2). Calculate the greatest common factor of 30 and m.
30
Suppose -r - 1 - 1 = 0. Let c be ((-15)/2)/(r/4). Let i(u) = -u**2 + 44*u - 315. Let j be i(15). Calculate the greatest common factor of j and c.
15
Suppose -l + 3*p + 5 = 0, -2*l + 4*p - 3 + 19 = 0. What is the greatest common factor of 154 and l?
14
Suppose 4*r - 4*i = -4, -3*r + i = 6*i + 27. Let t be 23 - ((r - -5) + -5). What is the greatest common divisor of 54 and t?
27
Let l be 6/21 - (-54)/7. Suppose 5*j - l = 52. Calculate the greatest common divisor of j and 4.
4
Suppose 3*m - 241 = b, -4*m = 3*b + 120 - 437. Suppose -2*a = a - 48. What is the greatest common divisor of m and a?
16
Suppose x + 37 = d, -d + 4*d - 2*x - 116 = 0. Let k = d + -34. Calculate the greatest common factor of 64 and k.
8
Let m be 174*3*(-3)/(0 - 6). Calculate the highest common factor of 9 and m.
9
Let i be (753 - 2/(-1)) + 0 + -1. Calculate the greatest common factor of i and 26.
26
Suppose 5*k - 36 = -4*j, 0*j - 24 = -2*k - 4*j. Suppose -g = -6*g - 2*r + 1314, k*g + 5*r = 1041. Calculate the greatest common factor of 24 and g.
24
Let z be (-2)/3 - 8/6. Let w be z - -3 - 9/(-3). Suppose 2*k = 3*v - 54, -2*k = 5*v - 5*k - 89. Calculate the greatest common factor of w and v.
4
Suppose 4 = 3*f - 2. Suppose f*s - 1 - 5 = -2*o, 2*s = -2. Calculate the highest common divisor of o and 10.
2
Let i be (-288)/2*(52/(-12))/13. What is the highest common factor of i and 1128?
24
Suppose 180*a = 35*a + 79750. Calculate the highest common factor of 88 and a.
22
Let j be 1/(-2)*(4 - -8). Let l = -3 - j. Suppose l*a + 20 = -2*a, 3*d + 5*a = 1. Calculate the greatest common factor of 35 and d.
7
Let y be ((-5)/5)/(1*1/(-5)). Suppose y*r + 0*r = -j + 211, 0 = 3*r - 4*j - 122. Calculate the greatest common factor of r and 14.
14
Let x = 56 + -26. Let d be (9 - 5)/(2*3)*x. Calculate the greatest common divisor of 80 and d.
20
Suppose -2*t + c = -1012, -c - 2287 = -5*t + 249. Suppose -s = 2*l - 211, 5*s - t - 529 = -l. What is the highest common divisor of s and 23?
23
Let h = -2816 - -3231. Calculate the greatest common factor of h and 913.
83
Suppose 4*q + 20 = 0, 2*z - 85 = -2*z + 5*q. Let l be 4/12*z + -2. Calculate the highest common divisor of 21 and l.
3
Let y be (-624)/(-84) - 4/(-7). What is the greatest common divisor of 40 and y?
8
Let j = 188 + -148. Let b = -92 + 136. Suppose -3*v + b = 14. What is the greatest common divisor of j and v?
10
Let w = -19 - -32. Suppose 3*p = 4*i + 47, -5*p - i + 24 = -39. What is the greatest common factor of w and p?
13
Suppose 2*j + 16 = -2*b - 3*j, 2*b - 4*j = 2. Let v be 2*-3*2/b. Suppose 2*k - 5*k = 5*g - 46, 4*k = v*g + 40. Calculate the highest common divisor of 96 and k.
12
Suppose 0 = 4*t + 3*p - 404, p = 3*p + 8. Let j be (-6)/(-12)*52/2. What is the greatest common factor of j and t?
13
Suppose -252 = 7*f - 28. Let u be (-121)/(-3) + f/24. Calculate the highest common divisor of u and 3.
3
Let r be (-2 + -1 - -23)*(21 - 20). Calculate the greatest common divisor of 35 and r.
5
Suppose -3*y + 22 = -8. Suppose -4*d - 21 = 2*w - 65, -w + y = 5*d. Calculate the greatest common factor of w and 45.
15
Suppose -5*w - 5 = 0, 10*z - 21 = 7*z + 3*w. What is the highest common factor of 726 and z?
6
Let m(l) = 9*l - 3. Suppose -2*t - 2*t = -8. Suppose -t = -0*u - u. Let z be m(u). Calculate the greatest common factor of 5 and z.
5
Let n(x) = -x**3 - 13*x**2 + 4*x - 110. Let c be n(-14). What is the greatest common divisor of c and 410?
10
Let s be 9/((-27)/(-6)) + 2. Let x be -5 + 12 + s + -2. Calculate the highest common divisor of 63 and x.
9
Let n = 120 - 115. Let g = 71 + -31. What is the greatest common divisor of g and n?
5
Let o(f) = 4*f**2 + 2. Let q(t) = 3*t**2 - t + 2. Let h(p) = -4*o(p) + 5*q(p). Let n be h(-3). What is the greatest common factor of 2 and n?
2
Suppose -729 = -5*m + 1821. What is the greatest common factor of m and 204?
102
Suppose -4*b - 5*y + 49 = 2, -4*b = 4*y - 44. Suppose -318*k = -152*k - 332. Calculate the greatest common factor of k and b.
2
Let i = 146 - 86. Let m = i - 18. Calculate the highest common factor of m and 12.
6
Let s be ((-37)/2 - 4)*-2. Suppose -a + s = 4*a. What is the greatest common factor of a and 18?
9
Let h(v) = -2*v + 126. Let s be h(33). What is the greatest common factor of 1230 and s?
30
Suppose 7*x - 3862 + 82 = 0. Calculate the greatest common divisor of 54 and x.
54
Let h = -1400 + 2375. Calculate the highest common factor of 39 and h.
39
Let i = -70 - -102. Suppose 2*p = 6*p, -q + i = 4*p. Suppose -2*f = -88 + q. What is the greatest common divisor of f and 42?
14
Let y = 57 + -19. What is the highest common factor of y and 1102?
38
Let g = 6 - 2. Suppose g*b - q + 0*q - 38 = 0, -b + 19 = -5*q. Suppose 4*u - 2*d - 2*d = 8, 5*d - 20 = -5*u. What is the highest common divisor of u and b?
3
Let t = -393 - -417. Calculate the highest common divisor of t and 40.
8
Suppose 1662 = 25*l - 538. Let o be 1*-4*(-11)/4. What is the highest common factor of l and o?
11
Let s be -37*(-1 + 0/1). Let x be ((-20)/(-30))/((-1)/33). Let q = s + x. What is the greatest common divisor of q and 3?
3
Let a = -41 + 46. Suppose 4*z - 5 = 7, -3*u + a*z = -42. Calculate the highest common divisor of 38 and u.
19
Suppose -g = 5*p - 0*g - 29, -p = g - 5. Suppose -p*y - 3*y + 27 = 0. What is the greatest common factor of 3 and y?
3
Suppose -6*r + 56 + 52 = 0. What is the greatest common factor of 14 and r?
2
Let